f(-3). What is the highest common divisor of h and 2630?
10
Let x(g) = -g**2 + 9*g + 12. Let n = -121 - -131. Let a be x(n). Let z(v) = 20*v + 4. Let s be z(a). Calculate the highest common divisor of 33 and s.
11
Let k(m) = 764*m**2 - 24*m - 2. Let f be k(-3). What is the highest common divisor of f and 46?
46
Let l be ((-3)/2)/((-19)/((-2166)/(-19))). Suppose -5*r = 5*h - 110, 3*r - 2*h - 68 = 8. Calculate the greatest common factor of r and l.
3
Let p = -1 + 180. Suppose 0 = m - p - 19. Suppose -3*a = -a + 3*b - m, a = -4*b + 89. What is the highest common divisor of 21 and a?
21
Suppose 5226 - 1159 = -7*c. Let d = -541 - c. What is the greatest common factor of d and 200?
40
Let p = -78322 + 78352. Let a(v) = 29*v**2 + 3*v - 2. Let o be a(2). Calculate the highest common factor of o and p.
30
Let y be (-3 - (-9)/5)*-545. Let p = y + -642. Let b = 36 - -12. What is the highest common factor of p and b?
12
Let t(v) = -v**2 + 21*v - 94. Let d be t(7). Let i be ((-18)/d)/(5/(-40)). Calculate the highest common divisor of 288 and i.
36
Let f(y) = -36*y - 51. Let g(a) = 37*a + 53. Let r(v) = 7*f(v) + 6*g(v). Let z be r(-4). What is the greatest common divisor of 135 and z?
27
Suppose 0 = 4*f + 4*m - 7270 - 1378, -2*f + 5*m + 4352 = 0. Calculate the greatest common divisor of 114 and f.
114
Let a = -4980 - -5013. What is the greatest common factor of 2442 and a?
33
Let a be 42/(-98) - 2/7*9. Let z be (33/a)/(0 - 1). Calculate the highest common divisor of 33 and z.
11
Let u(q) = 2*q**3 - 64*q**2 + 20*q + 120. Suppose 2*f = -4*a + f + 128, 4*f + 32 = a. Let o be u(a). Calculate the highest common factor of o and 95.
95
Suppose -11*j + 35 = 90. Let t be (-1675)/j - (0 - 3). What is the greatest common divisor of 26 and t?
26
Suppose 18*j - 13*j = 5*m - 450, -7*m = -5*j - 618. What is the highest common factor of m and 636?
12
Let h(c) = c**3 + 86*c**2 - 216*c + 80. Let z be h(-88). What is the highest common divisor of z and 32?
16
Let c(j) = -4*j + 445. Let t be c(-70). Calculate the greatest common factor of 435 and t.
145
Suppose 0 = -17*u + 7*u. Suppose -23*j + 21*j + 32 = u. Let z be (-4)/6*(3 + -99). Calculate the greatest common factor of j and z.
16
Let t be 609/(-406) + 7086/4. Calculate the highest common divisor of t and 45.
15
Suppose 2*t - 92 = t - h, 0 = 2*t - 2*h - 180. Suppose 262 - t = -3*i. Let d = 114 + i. What is the greatest common divisor of 95 and d?
19
Let u = -177 + 237. Let k be u + ((-33)/(-9) - 2/3). Calculate the highest common factor of 7 and k.
7
Let g = -143 + 86. Let k be (3 - 44/16) + g/4. Let x = k + 29. Calculate the greatest common divisor of 60 and x.
15
Suppose -5*a = z + 90, 3*z = 3*a + 22 + 32. Let w be 117/a*(0 - 68/2). What is the greatest common factor of 26 and w?
13
Suppose -y + 7 = -0. Let k = -1169 - -1428. Calculate the greatest common divisor of k and y.
7
Suppose -15*z + m - 672 = -20*z, 10*m = -4*z + 510. Let x(p) = p**2 + 2*p - 8. Let f be x(-7). Calculate the highest common factor of f and z.
27
Suppose 46 - 16 = q. Suppose -2*z = 5*f - 6*z - 132, 0 = f + z - q. What is the highest common divisor of f and 532?
28
Suppose 5*h - 82 = -n + 59, 0 = 4*n - 5*h - 739. What is the highest common divisor of n and 1276?
44
Suppose 0 = 74*z - 51*z - 46. Suppose 26*g = 31*g, 4*x + z*g - 480 = 0. What is the highest common divisor of 48 and x?
24
Let m be 8/(-1*2/2 + (-205673)/(-205504)). Calculate the highest common divisor of 16 and m.
16
Let a(n) = 3*n**2 - 15*n + 6. Let l be a(7). Suppose 14*j + 2*j + l = 0. Let i be (-6)/j + -4 + 12. What is the greatest common factor of 30 and i?
10
Suppose -2*v = -21*v + 7106. Let k = 10 + 12. What is the greatest common factor of k and v?
22
Let u = -756 + 1375. Let h = -437 + u. What is the greatest common divisor of h and 26?
26
Suppose 5*n - 4*o - 4658 = 0, -3*o - 2796 = 22*n - 25*n. Suppose 92*w = 102*w - n. Calculate the highest common divisor of w and 248.
31
Let y(t) = -t**3 + 20*t**2 + 44*t + 33. Let o(u) = -6*u - 50. Let d be o(-12). Let q be y(d). What is the greatest common factor of q and 6?
3
Let t = 203 - 100. Suppose -6*w + 711 + 159 = 0. Let v = w - t. What is the greatest common divisor of 7 and v?
7
Suppose 7*y - 440 = -4*g + 314, -5*g - 5*y + 950 = 0. Let m = 25 - 1. What is the highest common divisor of g and m?
24
Suppose 3*n + 5689 + 3252 = 5*j, 3*j = -2*n + 5376. What is the greatest common factor of 70 and j?
10
Let v = -10761 - -11111. What is the greatest common factor of v and 20?
10
Suppose 47 = 5*u + 2*b, -5*b + 32 = 3*u - 0*u. Suppose 10*y - 4 = 9*y. Suppose 18 = l + y*t, 2*t - 6 = -0*t. What is the greatest common divisor of l and u?
3
Suppose -5*v + 3*o - 25 = -102, 2*v - 2*o = 30. Let i = 107 + 85. Suppose -5*l = 7*l - i. What is the greatest common factor of v and l?
16
Let f = 1604 - 764. Let k = f + -363. Calculate the highest common factor of 53 and k.
53
Let t be 1*4/6*(-26)/((-312)/53694). Calculate the greatest common factor of t and 76.
19
Let f(w) = -334*w - 63. Let c be f(-7). Suppose 36*x = 43*x - c. What is the greatest common factor of 25 and x?
25
Let m be (936/63 - 8) + 1/7. Suppose -m*l = -151 - 514. Calculate the greatest common divisor of 38 and l.
19
Let k(t) = 187*t**2 + 2*t + 1. Let i be k(-1). Suppose -237*n = -27449 - 1939. What is the highest common divisor of n and i?
62
Let f = 26 + 49. Let r = 76 + -31. What is the highest common divisor of f and r?
15
Let m = -33 - -48. Suppose -2*p - 32 = 4*w, -4*w + m = -7*w + 3*p. Let g(f) = f**2 - 10. Let u be g(w). Calculate the highest common factor of 351 and u.
39
Let p be 12 + -1 - (12/3 + -1). Suppose -p*l = -379 + 75. Calculate the greatest common divisor of 38 and l.
38
Suppose -37*m - 5084 = 23517. Let c = -698 - m. Suppose 7*v - 120 = 3*v. What is the highest common divisor of c and v?
15
Suppose -688 = -3*t - 4*l, -5*l = 5*t - 370 - 770. Let z = -33 + 58. Suppose -z = -n + r, 6*r - 121 = -4*n + 3*r. What is the highest common divisor of n and t?
28
Let q(v) = -v**2 - v. Let j(p) = 7*p**2 + 24*p + 40. Let z(w) = j(w) + 6*q(w). Let f be z(-26). What is the highest common divisor of 31 and f?
31
Suppose -4*d = u - 1531, 0 = -5*d - 25*u + 29*u + 1919. Let l = -271 + d. Calculate the greatest common divisor of 128 and l.
16
Let o(c) = -3 + 0*c - 4*c + 2*c - 1. Let t be o(-2). Suppose 0 = 5*k - t + 5, 5*b = -k + 79. What is the greatest common divisor of 2 and b?
2
Let v(z) = 10*z - 47. Let p be v(11). Let l = -464 + 716. Calculate the greatest common factor of l and p.
63
Let l(w) = 38*w + 1466. Let o be l(-32). What is the highest common divisor of 25 and o?
25
Let g = 12465 + -12456. Calculate the greatest common factor of 2397 and g.
3
Suppose -5 = 2*h - 61. Let d be (-2)/7 + (1996/h - 9). Let m(v) = 45*v + 3. Let o be m(2). Calculate the highest common divisor of d and o.
31
Suppose 152 + 24 = -0*b + 22*b. Calculate the highest common factor of 5144 and b.
8
Let t(q) = -6*q - 20*q - 15*q**2 + 12 - 17*q**2 + 31*q**2. Let r be t(-23). What is the greatest common divisor of r and 27?
27
Suppose -209850 + 72090 = -8*a. Calculate the greatest common divisor of a and 35.
35
Suppose -31*h = -22 - 102. What is the greatest common divisor of 466 and h?
2
Let m = 4 - 12. Let p(n) = -n**2 - 9*n. Let d be p(m). Suppose 3 = 2*o - 37. Calculate the highest common factor of d and o.
4
Let q(h) = 40*h - 1608. Let f be q(43). What is the highest common divisor of f and 784?
112
Let b(r) = 9*r**2 - 32*r - 4. Let s be b(10). Suppose -7*h = h - s. What is the greatest common factor of 54 and h?
18
Suppose -3*i - 519 - 427 = 4*k, -i - 316 = k. Let o = i + 324. Let n be 1 + 228/2 + -1. Calculate the highest common divisor of o and n.
6
Let t(q) = q**2 + 15. Let j be t(0). Suppose -i - 2*i + j = 0. Suppose 0 = -i*f + 210 + 175. What is the highest common divisor of f and 7?
7
Suppose -4606 = 35*z - 17906. Calculate the highest common factor of 171 and z.
19
Let y(w) = -w**3 - w. Let x be y(1). Let r be (15/2)/(x/(-28)). Let d = 18059 + -18044. Calculate the greatest common factor of d and r.
15
Let f = 1479 - 1459. Suppose -4*j = 79 + 45. Let o be 30/(-6)*(-1 + j). What is the highest common factor of f and o?
20
Suppose -46*y + 1824 = -38*y. Let h = 25 - 13. What is the greate